me factors of 25359?
3, 79, 107
List the prime factors of 29451.
3, 9817
List the prime factors of 1083.
3, 19
List the prime factors of 375.
3, 5
List the prime factors of 8146.
2, 4073
List the prime factors of 69155.
5, 13831
What are the prime factors of 457?
457
List the prime factors of 1707.
3, 569
List the prime factors of 29092.
2, 7, 1039
List the prime factors of 21180.
2, 3, 5, 353
What are the prime factors of 2159?
17, 127
What are the prime factors of 88869?
3, 11, 2693
What are the prime factors of 5290?
2, 5, 23
List the prime factors of 19579.
7, 2797
What are the prime factors of 2119?
13, 163
What are the prime factors of 1040?
2, 5, 13
What are the prime factors of 3484?
2, 13, 67
List the prime factors of 160850.
2, 5, 3217
List the prime factors of 11181.
3, 3727
What are the prime factors of 31407?
3, 19, 29
List the prime factors of 988.
2, 13, 19
What are the prime factors of 1863?
3, 23
What are the prime factors of 118855?
5, 11, 2161
What are the prime factors of 3047?
11, 277
What are the prime factors of 1191?
3, 397
List the prime factors of 30656.
2, 479
What are the prime factors of 5567?
19, 293
List the prime factors of 2685.
3, 5, 179
What are the prime factors of 1041?
3, 347
What are the prime factors of 88254?
2, 3, 4903
List the prime factors of 2863.
7, 409
What are the prime factors of 649?
11, 59
List the prime factors of 2927.
2927
List the prime factors of 530.
2, 5, 53
What are the prime factors of 22490?
2, 5, 13, 173
List the prime factors of 802.
2, 401
List the prime factors of 97097.
7, 11, 13, 97
List the prime factors of 11527.
11527
What are the prime factors of 11942?
2, 7, 853
What are the prime factors of 36515?
5, 67, 109
What are the prime factors of 334?
2, 167
List the prime factors of 64416.
2, 3, 11, 61
List the prime factors of 44166.
2, 3, 17, 433
What are the prime factors of 802?
2, 401
List the prime factors of 77741.
17, 269
What are the prime factors of 46377?
3, 5153
What are the prime factors of 21593?
11, 13, 151
List the prime factors of 5887.
7, 29
What are the prime factors of 10765?
5, 2153
List the prime factors of 4500.
2, 3, 5
List the prime factors of 110138.
2, 7, 7867
List the prime factors of 5702.
2, 2851
List the prime factors of 7759.
7759
What are the prime factors of 91038?
2, 3, 15173
List the prime factors of 3464.
2, 433
What are the prime factors of 730?
2, 5, 73
List the prime factors of 1167.
3, 389
List the prime factors of 1828.
2, 457
What are the prime factors of 561?
3, 11, 17
What are the prime factors of 618?
2, 3, 103
What are the prime factors of 1094?
2, 547
What are the prime factors of 4339?
4339
What are the prime factors of 295?
5, 59
What are the prime factors of 22087?
13, 1699
What are the prime factors of 7496?
2, 937
List the prime factors of 37561.
37561
What are the prime factors of 47276?
2, 53, 223
What are the prime factors of 447?
3, 149
List the prime factors of 3151.
23, 137
What are the prime factors of 3914?
2, 19, 103
What are the prime factors of 5851?
5851
What are the prime factors of 13217?
13217
List the prime factors of 47637.
3, 67, 79
What are the prime factors of 488?
2, 61
What are the prime factors of 2169?
3, 241
List the prime factors of 803.
11, 73
What are the prime factors of 17722?
2, 8861
What are the prime factors of 3345?
3, 5, 223
What are the prime factors of 1955?
5, 17, 23
What are the prime factors of 3067?
3067
What are the prime factors of 565?
5, 113
List the prime factors of 375.
3, 5
List the prime factors of 991.
991
What are the prime factors of 2933?
7, 419
What are the prime factors of 122255?
5, 7, 499
List the prime factors of 3571.
3571
List the prime factors of 13196.
2, 3299
List the prime factors of 8203.
13, 631
List the prime factors of 75984.
2, 3, 1583
List the prime factors of 11419.
19, 601
What are the prime factors of 418?
2, 11, 19
List the prime factors of 702.
2, 3, 13
What are the prime factors of 6722?
2, 3361
What are the prime factors of 17869?
107, 167
List the prime factors of 5585.
5, 1117
What are the prime factors of 63?
3, 7
What are the prime factors of 222?
2, 3, 37
List the prime factors of 599.
599
List the prime factors of 26792.
2, 17, 197
What are the prime factors of 11291?
7, 1613
List the prime factors of 6296.
2, 787
What are the prime factors of 26246?
2, 11, 1193
List the prime factors of 33969.
3, 13, 67
List the prime factors of 2435.
5, 487
What are the prime factors of 157525?
5, 6301
What are the prime factors of 49664?
2, 97
List the prime factors of 19057.
17, 19, 59
List the prime factors of 48717.
3, 5413
What are the prime factors of 858?
2, 3, 11, 13
List the prime factors of 968.
2, 11
List the prime factors of 3181.
3181
What are the prime factors of 7285?
5, 31, 47
What are the prime factors of 15202?
2, 11, 691
What are the prime factors of 4050?
2, 3, 5
List the prime factors of 840.
2, 3, 5, 7
List the prime factors of 552.
2, 3, 23
List the prime factors of 889.
7, 127
What are the prime factors of 6562?
2, 17, 193
List the prime factors of 830.
2, 5, 83
What are the prime factors of 929?
929
What are the prime factors of 2755?
5, 19, 29
What are the prime factors of 92756?
2, 23189
What are the prime factors of 4389?
3, 7, 11, 19
What are the prime factors of 10763?
47, 229
List the prime factors of 4157.
4157
List the prime factors of 7810.
2, 5, 11, 71
List the prime factors of 11576.
2, 1447
List the prime factors of 42847.
7, 6121
List the prime factors of 75.
3, 5
List the prime factors of 50841.
3, 7, 269
List the prime factors of 3156.
2, 3, 263
What are the prime factors of 10209?
3, 41, 83
List the prime factors of 2162.
2, 23, 47
List the prime factors of 7010.
2, 5, 701
List the prime factors of 67209.
3, 43, 521
List the prime factors of 1490.
2, 5, 149
What are the prime factors of 15755?
5, 23, 137
List the prime factors of 673.
673
What are the prime factors of 43318?
2, 11, 179
List the prime factors of 6000.
2, 3, 5
List the prime factors of 1247.
29, 43
List the prime factors of 129556.
2, 7, 661
List the prime factors of 16581.
3, 5527
List the prime factors of 1065.
3, 5, 71
What are the prime factors of 334?
2, 167
List the prime factors of 686.
2, 7
What are the prime factors of 77?
7, 11
List the prime factors of 62630.
2, 5, 6263
What are the prime factors of 1396?
2, 349
List the prime factors of 24359.
24359
What are the prime factors of 8716?
2, 2179
List the prime factors of 136528.
2, 7, 23, 53
List the prime factors of 15743.
7, 13, 173
List the prime factors of 18873.
3, 233
List the prime factors of 5857.
5857
What are the prime factors of 2492?
2, 7, 89
What are the prime factors of 34863?
3, 11621
List the prime factors of 1556.
2, 389
List the prime factors of 1779.
3, 593
List the prime factors of 1892.
2, 11, 43
List the prime factors of 1453.
1453
What are the prime factors of 1720?
2, 5, 43
What are the prime factors of 12775?
5, 7, 73
What are the prime factors of 281?
281
What are the prime factors of 47583?
3, 17, 311
What are the prime factors of 1940?
2, 5, 97
List the prime factors of 1766.
2, 883
What are the prime factors of 60?
2, 3, 5
List the prime factors of 5252.
2, 13, 101
What are the prime factors of 10779?
3, 3593
List the prime factors of 49437.
3, 1831
What are the prime factors of 2359?
7, 337
List the prime factors of 1803.
3, 601
List the prime factors of 25807.
131, 197
What are the prime factors of 727?
727
List the prime factors of 791.
7, 113
List the prime factors of 1648.
2, 103
What are the prime factors of 2112?
2, 3, 11
List the prime factors of 32844.
2, 3, 7, 17, 23
What are the prime factors of 11034?
2, 3, 613
List the prime factors of 23660.
2, 5, 7, 13
What are the prime factors of 97510?
2, 5, 7, 199
What are the prime factors of 3548?
2, 887
List the prime factors of 9575.
5, 383
What are the prime factors of 1138?
2, 569
What are the prime factors of 1856?
2, 29
What are the prime factors of 41422?
2, 139, 149
List the prime factors of 42104.
2, 19, 277
What are the prime factors of 42199?
19, 2221
List the prime factors of 14856.
2, 3, 619
What are the prime factors of 4586?
2, 2293
List the prime factors of 5406.
2, 3, 17, 53
What are the prime